 is the remainder when 357 is divided by 73?
65
Calculate the remainder when 156 is divided by 95.
61
Calculate the remainder when 2962 is divided by 123.
10
Calculate the remainder when 624 is divided by 308.
8
What is the remainder when 565 is divided by 148?
121
What is the remainder when 288 is divided by 25?
13
Calculate the remainder when 78 is divided by 21.
15
What is the remainder when 19 is divided by 1?
0
What is the remainder when 87 is divided by 23?
18
What is the remainder when 147 is divided by 14?
7
What is the remainder when 415 is divided by 179?
57
Calculate the remainder when 217 is divided by 33.
19
Calculate the remainder when 3385 is divided by 14.
11
Calculate the remainder when 89 is divided by 13.
11
Calculate the remainder when 4642 is divided by 663.
1
Calculate the remainder when 11950 is divided by 166.
164
What is the remainder when 1652 is divided by 79?
72
What is the remainder when 85 is divided by 22?
19
What is the remainder when 158 is divided by 55?
48
Calculate the remainder when 993 is divided by 90.
3
Calculate the remainder when 156 is divided by 43.
27
What is the remainder when 2107 is divided by 132?
127
Calculate the remainder when 2634 is divided by 331.
317
What is the remainder when 1704 is divided by 826?
52
What is the remainder when 1809 is divided by 121?
115
Calculate the remainder when 492 is divided by 98.
2
What is the remainder when 254 is divided by 53?
42
Calculate the remainder when 89 is divided by 19.
13
Calculate the remainder when 3066 is divided by 1014.
24
Calculate the remainder when 106 is divided by 26.
2
Calculate the remainder when 328 is divided by 112.
104
Calculate the remainder when 267 is divided by 254.
13
Calculate the remainder when 9543 is divided by 4.
3
Calculate the remainder when 182 is divided by 86.
10
What is the remainder when 1316 is divided by 74?
58
Calculate the remainder when 9354 is divided by 72.
66
Calculate the remainder when 626 is divided by 70.
66
Calculate the remainder when 132 is divided by 18.
6
Calculate the remainder when 824 is divided by 15.
14
Calculate the remainder when 257 is divided by 47.
22
What is the remainder when 292 is divided by 8?
4
Calculate the remainder when 165 is divided by 48.
21
What is the remainder when 961 is divided by 64?
1
Calculate the remainder when 11127 is divided by 31.
29
Calculate the remainder when 96 is divided by 63.
33
Calculate the remainder when 226 is divided by 169.
57
Calculate the remainder when 762 is divided by 59.
54
Calculate the remainder when 918 is divided by 243.
189
Calculate the remainder when 1644 is divided by 75.
69
What is the remainder when 4 is divided by 1?
0
What is the remainder when 28 is divided by 10?
8
What is the remainder when 127 is divided by 33?
28
What is the remainder when 244 is divided by 47?
9
Calculate the remainder when 186 is divided by 130.
56
Calculate the remainder when 459 is divided by 66.
63
Calculate the remainder when 1043 is divided by 280.
203
Calculate the remainder when 49 is divided by 32.
17
Calculate the remainder when 1909 is divided by 58.
53
Calculate the remainder when 117447 is divided by 25.
22
What is the remainder when 9428 is divided by 5?
3
What is the remainder when 389 is divided by 50?
39
Calculate the remainder when 2041 is divided by 127.
9
Calculate the remainder when 4302 is divided by 35.
32
Calculate the remainder when 2107 is divided by 57.
55
What is the remainder when 166 is divided by 111?
55
What is the remainder when 173 is divided by 16?
13
What is the remainder when 252 is divided by 85?
82
What is the remainder when 24 is divided by 9?
6
What is the remainder when 1169 is divided by 29?
9
What is the remainder when 332 is divided by 130?
72
What is the remainder when 97 is divided by 38?
21
Calculate the remainder when 1202 is divided by 565.
72
What is the remainder when 409 is divided by 157?
95
What is the remainder when 525 is divided by 17?
15
What is the remainder when 241 is divided by 41?
36
What is the remainder when 243 is divided by 122?
121
Calculate the remainder when 2147 is divided by 27.
14
Calculate the remainder when 234 is divided by 40.
34
What is the remainder when 2090 is divided by 41?
40
Calculate the remainder when 45 is divided by 26.
19
Calculate the remainder when 33 is divided by 12.
9
Calculate the remainder when 72 is divided by 24.
0
Calculate the remainder when 832 is divided by 206.
8
Calculate the remainder when 518 is divided by 52.
50
What is the remainder when 254 is divided by 36?
2
What is the remainder when 776 is divided by 19?
16
Calculate the remainder when 66 is divided by 48.
18
What is the remainder when 582 is divided by 98?
92
What is the remainder when 122 is divided by 29?
6
Calculate the remainder when 1163 is divided by 22.
19
What is the remainder when 350 is divided by 81?
26
What is the remainder when 1729 is divided by 254?
205
What is the remainder when 1090 is divided by 40?
10
Calculate the remainder when 365 is divided by 96.
77
Calculate the remainder when 63 is divided by 30.
3
Calculate the remainder when 1580 is divided by 113.
111
Calculate the remainder when 866 is divided by 15.
11
Calculate the remainder when 34 is divided by 14.
6
Calculate the remainder when 4120 is divided by 7.
4
What is the remainder when 340 is divided by 120?
100
Calculate the remainder when 736 is divided by 12.
4
What is the remainder when 6729 is divided by 34?
31
What is the remainder when 147 is divided by 37?
36
What is the remainder when 59 is divided by 14?
3
Calculate the remainder when 200 is divided by 94.
12
What is the remainder when 146 is divided by 119?
27
Calculate the remainder when 160 is divided by 83.
77
Calculate the remainder when 183 is divided by 26.
1
Calculate the remainder when 618 is divided by 31.
29
Calculate the remainder when 2668 is divided by 33.
28
Calculate the remainder when 586 is divided by 14.
12
What is the remainder when 2650 is divided by 19?
9
Calculate the remainder when 592 is divided by 185.
37
Calculate the remainder when 1904 is divided by 9.
5
Calculate the remainder when 476 is divided by 84.
56
What is the remainder when 3903 is divided by 8?
7
Calculate the remainder when 958 is divided by 40.
38
Calculate the remainder when 469 is divided by 127.
88
Calculate the remainder when 260 is divided by 12.
8
Calculate the remainder when 8536 is divided by 70.
66
What is the remainder when 223 is divided by 59?
46
Calculate the remainder when 56 is divided by 11.
1
What is the remainder when 543 is divided by 176?
15
Calculate the remainder when 49 is divided by 9.
4
Calculate the remainder when 648 is divided by 231.
186
Calculate the remainder when 767 is divided by 10.
7
What is the remainder when 45 is divided by 24?
21
Calculate the remainder when 379 is divided by 95.
94
What is the remainder when 64 is divided by 52?
12
What is the remainder when 234 is divided by 8?
2
Calculate the remainder when 75 is divided by 16.
11
What is the remainder when 3071 is divided by 58?
55
What is the remainder when 1138 is divided by 6?
4
What is the remainder when 66 is divided by 14?
10
What is the remainder when 1606 is divided by 323?
314
What is the remainder when 1856 is divided by 31?
27
Calculate the remainder when 501 is divided by 36.
33
What is the remainder when 261 is divided by 228?
33
Calculate the remainder when 318 is divided by 92.
42
Calculate the remainder when 226 is divided by 6.
4
Calculate the remainder when 55 is divided by 23.
9
What is the remainder when 90 is divided by 16?
10
What is the remainder when 39850 is divided by 82?
80
Calculate the remainder when 143 is divided by 31.
19
What is the remainder when 42 is divided by 10?
2
Calculate the remainder when 242 is divided by 82.
78
What is the remainder when 3596 is divided by 277?
272
What is the remainder when 32 is divided by 2?
0
What is the remainder when 2636 is divided by 240?
236
What is the remainder when 208 is divided by 42?
40
What is the remainder when 36896 is divided by 100?
96
What is the remainder when 160 is divided by 35?
20
Calculate the remainder when 321 is divided by 2.
1
Calculate the remainder when 40 is divided by 15.
10
What